 = -5*b + j + 17. Suppose -9*y = -b*y - 5. Determine t(y).
-14
Let k(x) = -x**3 - 3*x**2 + 6*x + 2. Let t(p) = -40*p + 2636. Let c be t(66). What is k(c)?
-6
Suppose 61*z = 12*z + 2352. Let q(i) = z*i + 2*i**2 - 8 + 9*i**2 - 14*i**2 + 4*i**2 - 39*i. Determine q(-10).
2
Let u(q) = q**3 - q**2 + q - 5. Let o = -66 + 84. Let g be o/24 + (-4)/32*6. Let b(w) = w. Let i be b(g). Give u(i).
-5
Let s(f) be the second derivative of f**4/12 - 11*f**3/6 + f**2 - 2773*f. Calculate s(10).
-8
Let r = 703 - 673. Let x(b) = -53*b**2 + 20*b**2 + r*b**2 + b - 2. Let l be (-14)/8 - (-1)/(-4). Determine x(l).
-16
Suppose o - 14 = 3*d, 3*o - 14*d = -17*d - 42. Let p(s) = s**2 - 6*s - 47. Calculate p(o).
44
Suppose 0*v - 4*v = 8. Suppose 27*z + 4 = 29*z. Let a(n) = 0 - 2*n**z + 2 + 168*n - n**3 - 165*n. Determine a(v).
-4
Let q(y) = 11*y - 175. Let u(f) = -5*f + 84. Let t(w) = 2*q(w) + 5*u(w). Calculate t(24).
-2
Let t = 199 + -193. Let v(o) = -o**3 + 6 - 1384*o + t*o**2 + 689*o + 688*o. Give v(5).
-4
Suppose -2*z + 2*j = -14, 0 = 3*z + j - 89 + 88. Let p(i) be the first derivative of -1/3*i**3 + 5*i**z + 6 - 10*i. Give p(9).
-1
Let o(r) = 3*r**2 + 37*r - 2. Let q(c) = 6*c**2 + 68*c - 7. Let l(z) = 11*o(z) - 6*q(z). Give l(4).
-32
Let w be (-2)/((18/(-9))/(3*63)). Suppose -6*q = 15*q + w. Let x(h) = -h**3 - 8*h**2 + 10*h + 7. What is x(q)?
-2
Let y(l) = 17*l**2 - 16*l - 40. Let s(c) = 39*c**2 - 38*c - 81. Let h(o) = 3*s(o) - 7*y(o). What is h(4)?
-3
Let z(h) = -28*h + 1. Suppose 0 = 7*i + 8 + 20. Let v(t) = 28*t - 1. Let a(d) = i*z(d) - 3*v(d). What is a(-1)?
-29
Suppose -15 = -2*k - 5*v, -2*v = 4*k - 0*v - 6. Let y(z) = -2 - 2*z + k*z + 10 + 3. Calculate y(6).
-1
Let a(u) = -16 - 2*u + 0 + 19 + 4*u. Let f(b) = b**3 - 9*b**2 + 17*b - 5. Let n be f(3). Determine a(n).
-13
Let u(c) = c**2 + 10*c - 35. Let n be (-516)/(-387)*33/(-4). What is u(n)?
-24
Let z(j) = 2*j**3 + 14*j**2 + 11*j + 2. Suppose 0 = 4*y - 5*r + 3*r + 12, 4*y + 48 = -4*r. Give z(y).
8
Let o(h) = -2*h**2 + 108*h - 64*h + 4*h**2 - h**2 - 3 - 53*h. Give o(10).
7
Let n(q) be the second derivative of -q**4/12 - 2*q**3/3 + 73*q**2/2 - 3*q + 17. Let t(m) be the first derivative of n(m). Calculate t(-4).
4
Suppose 45 = 10*a - 5. Suppose -a + 2 = -l. Let o(u) = -38 + 45 + u**l + 2*u**2 - 9*u**2 - 2*u. Calculate o(7).
-7
Let d(r) = r**2 - r + 11. Let w(y) = y**3 + 2*y**2 + 76*y + 157. Let i be w(-2). What is d(i)?
31
Suppose -2*o + 5*c = -11, 0 = -o - 5*c - 4 + 2. Suppose 0*z + 5*z + o = -3*j, 5*j - z - 23 = 0. Let r(n) = -n - n - j*n + 10*n. Give r(3).
12
Let d be 0*(-2 - (-10)/4). Suppose -14*j + 16*j = d. Let b(c) be the third derivative of -c**5/60 - c**3/6 - 8*c**2 + 6*c. Give b(j).
-1
Let r(w) = 6*w**2 - 37*w - 8. Let y(u) = -5*u**2 + 30*u + 5. Let j(d) = -4*r(d) - 5*y(d). Calculate j(6).
31
Let d = 837 - 818. Let y(p) = -p**2 + 21*p - 58. Determine y(d).
-20
Let g(d) be the third derivative of d**5/60 + 7*d**4/24 - d**2. Let p = -1746 + 1761. Suppose -2*o + p - 24 = 5*m, -3*m = 3*o + 18. What is g(o)?
0
Let t(d) = 21*d - 22074 + d**2 + 22074. Give t(-21).
0
Let q(p) = -p**3 - 2*p**2 + 23*p - 12. Let o be q(-6). Let a(v) = -4 + 12 - 2 + 2*v. Determine a(o).
-6
Let o = -33 + 36. Suppose 0*d - 111 = o*d. Let b = d - -42. Let f(l) = l**2 - 5*l + 3. Calculate f(b).
3
Let j(n) = 9*n**2 - 10*n + 21. Let i(d) = -41*d**2 + 38*d - 86. Let w(v) = -2*i(v) - 9*j(v). Calculate w(-16).
15
Let x(v) = -43*v**2. Let h be -549 - (-2 - (-24)/18)*6. Let c = 544 + h. Calculate x(c).
-43
Let o(a) = a**3 - 7*a**2 - 6*a - 8. Let i = 104 - -1. Let n = -55 + i. Let x = n - 42. What is o(x)?
8
Let h(s) = -285*s + 9. Let u(p) = 523*p - 17. Let c(o) = 11*h(o) + 6*u(o). What is c(3)?
6
Let s(r) = -4*r. Let f = 1250 - 1249. Give s(f).
-4
Let s(n) = -n**3 - 10*n**2 + 3*n - 100. Let y be s(-11). Let f(a) = a**2 + 15*a + 17. What is f(y)?
-19
Let x(z) = -z**2 - 14*z - 27. Suppose 150*p = 133*p - 204. What is x(p)?
-3
Let g(f) = -3*f - 1. Let q(s) = -s. Let z(y) = -6*g(y) + 17*q(y). Suppose -1603*j = -1613*j - 30. What is z(j)?
3
Let f(l) = -87*l. Let g(u) = -420*u - 30. Let a(k) = 35*f(k) - 7*g(k). Calculate a(2).
0
Let a(q) = q**2 + 3*q - 14. Suppose -m = 9*m + 90 - 0. What is a(m)?
40
Let m(o) = 3 + 13 - 3 + 0 - 2*o - 22. What is m(-8)?
7
Let h(i) = -3*i**2 + 23*i + 28. Let f(q) = -5*q**2 + 24*q + 28. Let g(a) = -2*f(a) + 3*h(a). Let d(v) be the first derivative of g(v). Give d(-9).
3
Let c(q) be the second derivative of q**5/10 - q**4/6 - q**3/6 - q**2/2 - 9*q + 31. Determine c(-2).
-23
Let p be 4 + 4 + 0/(-4). Let v be -6 - (4 - (p + 3)). Let j(n) = 2*n. What is j(v)?
2
Let k(h) be the third derivative of h**4/8 + 3*h**3/2 - 705*h**2 - h. What is k(2)?
15
Suppose -234 = 1954*f - 1936*f. Let o(g) = -2*g**3 - 29*g**2 + 33*g + 20. Let j(k) = k**3 + 14*k**2 - 16*k - 10. Let u(p) = 5*j(p) + 2*o(p). Determine u(f).
3
Suppose -5*l = 2*f, 0 = -3*l - 10*f + 7*f - 9. Let o(w) = -1 + l + 2 + 2*w**2 + 6*w - 2*w + w**3 + 2. Determine o(-4).
-43
Suppose 253*b - 249*b - 96 = 0. Let i(f) = 9 + 9 - f - b + 3 + 1. Calculate i(0).
-2
Let w(j) = -7 + j**3 - 26*j**2 - 2*j - 15 + 5*j**3 + 5*j**3 - 12*j**3. What is w(-26)?
30
Let t be (781/(-55) + 14)*-85. Let w(v) be the third derivative of 0*v - 1/3*v**3 - 1/12*v**4 + t*v**2 + 1/10*v**5 + 1/120*v**6 + 0. Determine w(-6).
10
Let b(o) be the second derivative of 207*o - 11/2*o**2 + 0 - 1/6*o**3. Give b(-12).
1
Let r(u) = -u**2 + 9*u - 1. Let b(v) = v**3 + 9*v**2 + 9*v - 11. Let z be b(-8). Let s = z + 27. Suppose i + c - s = 3, i + 4*c = 23. Give r(i).
13
Suppose 4*w + 4*h - 24 = 0, -3*w + 3*h + 2 = 2*h. Let c(x) = 7*x - 4*x + x**2 - 2 - 5*x. Calculate c(w).
-2
Let m(o) = -5*o**2 + 38*o + 5. Let t(w) = -2*w**2 + 18*w + 2. Let f(p) = -3*m(p) + 7*t(p). Let b be (1/(-6)*-2)/(17/(-714)). What is f(b)?
27
Let y(d) = -d - 10. Let c(k) = -6 - 2*k**2 + 0*k - 7 + 3*k**2 - 5*k. Let i be c(7). Let q be (i - 33/(-12))*40/(-15). Calculate y(q).
0
Let f(c) be the first derivative of -c**3/3 - 21*c**2/2 - 58*c - 838. Determine f(-5).
22
Let a(x) = -9*x**3 - 4*x + 26. Let t(p) = 20*p**3 - p**2 + 8*p - 52. Let r(m) = -11*a(m) - 5*t(m). Calculate r(5).
-6
Let n(w) be the first derivative of w**6/120 - w**5/12 - 5*w**4/12 - w**3/3 + 7*w**2/2 - 21*w - 241. Let z(u) be the second derivative of n(u). Give z(7).
26
Let f(h) = h. Let d be f(-8). Let v be (2 - 2) + d + 1. Let k(z) = 74*z - 6. Let t(s) = -59*s + 5. Let o(i) = 4*k(i) + 5*t(i). Give o(v).
-6
Let v(p) be the third derivative of 4*p**2 + 1 + 5/6*p**3 + 1/12*p**4 + 0*p - 1/12*p**5 + 1/120*p**6. Give v(4).
-3
Let x = -67 - -72. Suppose -2*b = 2*w - 4*w - 12, 0 = 4*b + 5*w - 60. Let l(y) = 2*y - b*y + x + 4*y**2 + 3*y - 1. Determine l(3).
25
Let o(a) = a**3 + 18*a**2 + a + 18. Let s be ((-7)/5 - 1)/(-9*10/(-675)). Give o(s).
0
Let f(h) = h**2 - 4. Let s be f(3). Let u(i) be the third derivative of 0*i + 1/60*i**5 - 9 - 5/24*i**4 + 1/6*i**3 + 2*i**2. Calculate u(s).
1
Suppose -9 = 3*g - 15. Let p = 73 + -71. Suppose -o + 0*o - g*b - 2 = 0, b = -p*o - 10. Let z(i) = -i**3 - 5*i**2 + 4*i - 8. Calculate z(o).
4
Let n be ((-2)/(-5))/((-5)/250*2). Let w be (64/(-40))/(4/n). Suppose 4*r = -t - w*t + 48, 5*r + 30 = 5*t. Let s(l) = l**2 - 7*l. Give s(t).
8
Let u(x) = 10*x - 15. Let y = -350 + -467. Let w = -815 - y. Calculate u(w).
5
Let p(n) be the first derivative of -n**4/4 - 3*n**3 + 11*n - 29. Let f be (-1)/((1/9)/(-38 + 39)). Give p(f).
11
Let j = -113 - -126. Let g(p) = -j + 12 + 0*p + 3*p + 3*p. Calculate g(-2).
-13
Let s(d) be the first derivative of d**5/30 + d**4/6 + d**3/3 + 32*d**2 - 58. Let b(a) be the second derivative of s(a). Calculate b(-3).
8
Let c(w) be the first derivative of 1/3*w**3 - w + 1/2*w**2 - 7. Give c(-3).
5
Let h = 6598 - 6591. Let p(v) = v**2 + 3*v - 14. What is p(h)?
56
Let p(l) be the second derivative of -2*l**3/3 - l**2/2 + l. Suppose 0 = -5*i - 21*i + 19084. Let n = 733 - i. Determine p(n).
3
Let i(m) be the third derivative of 0*m - 1 - 1/6*m**3 + 1/24*m**4 + 34*m**2 + 1/60*m**5. Calculate i(-3).
5
Let b(c) = 5*c**3 - 21*c**2 + 10*c + 88. Let l(j) = -2*j**3 - 7*j. Let n(r) = -b(r) - 2*l(r). Determine n(21).
-4
Let n be (15/(-6))/((-16)/64). Suppose 5*h = 3*t + n*h - 57, 0 = 2*t - 5*h - 13. Let y(l) = -l + 10. Determine y(t).
-4
Suppose 